23, 31
What are the prime factors of 1074?
2, 3, 179
What are the prime factors of 39799?
39799
List the prime factors of 1856.
2, 29
List the prime factors of 1860.
2, 3, 5, 31
List the prime factors of 3855.
3, 5, 257
List the prime factors of 6401.
37, 173
List the prime factors of 3240.
2, 3, 5
What are the prime factors of 8440?
2, 5, 211
List the prime factors of 6756.
2, 3, 563
List the prime factors of 4090.
2, 5, 409
List the prime factors of 27846.
2, 3, 7, 13, 17
List the prime factors of 3103.
29, 107
List the prime factors of 68638.
2, 34319
List the prime factors of 5088.
2, 3, 53
What are the prime factors of 1863?
3, 23
What are the prime factors of 3444?
2, 3, 7, 41
List the prime factors of 3683.
29, 127
What are the prime factors of 1176?
2, 3, 7
List the prime factors of 19123.
13, 1471
What are the prime factors of 871?
13, 67
What are the prime factors of 1561?
7, 223
List the prime factors of 744.
2, 3, 31
What are the prime factors of 916?
2, 229
What are the prime factors of 5438?
2, 2719
What are the prime factors of 307?
307
What are the prime factors of 47709?
3, 19, 31
What are the prime factors of 9066?
2, 3, 1511
What are the prime factors of 593?
593
List the prime factors of 31162.
2, 15581
What are the prime factors of 46093?
46093
What are the prime factors of 4208?
2, 263
What are the prime factors of 2905?
5, 7, 83
What are the prime factors of 1046?
2, 523
What are the prime factors of 5536?
2, 173
List the prime factors of 12331.
11, 19, 59
What are the prime factors of 1164?
2, 3, 97
List the prime factors of 60591.
3, 19, 1063
List the prime factors of 3212.
2, 11, 73
List the prime factors of 76547.
41, 1867
What are the prime factors of 3898?
2, 1949
List the prime factors of 52940.
2, 5, 2647
List the prime factors of 8217.
3, 11, 83
List the prime factors of 602.
2, 7, 43
List the prime factors of 8478.
2, 3, 157
List the prime factors of 9331.
7, 31, 43
What are the prime factors of 5678?
2, 17, 167
What are the prime factors of 5297?
5297
What are the prime factors of 891?
3, 11
List the prime factors of 22327.
83, 269
List the prime factors of 7778.
2, 3889
List the prime factors of 1050.
2, 3, 5, 7
What are the prime factors of 274?
2, 137
What are the prime factors of 2837?
2837
What are the prime factors of 14727?
3, 4909
List the prime factors of 6420.
2, 3, 5, 107
List the prime factors of 3227.
7, 461
What are the prime factors of 11486?
2, 5743
What are the prime factors of 934?
2, 467
What are the prime factors of 7237?
7237
What are the prime factors of 1724?
2, 431
What are the prime factors of 115?
5, 23
What are the prime factors of 59774?
2, 11, 13, 19
What are the prime factors of 1194?
2, 3, 199
List the prime factors of 10092.
2, 3, 29
List the prime factors of 33559.
37, 907
List the prime factors of 2665.
5, 13, 41
List the prime factors of 891.
3, 11
List the prime factors of 357.
3, 7, 17
What are the prime factors of 34885?
5, 6977
What are the prime factors of 18464?
2, 577
What are the prime factors of 71400?
2, 3, 5, 7, 17
List the prime factors of 1346.
2, 673
List the prime factors of 5895.
3, 5, 131
What are the prime factors of 129208?
2, 31, 521
List the prime factors of 5691.
3, 7, 271
What are the prime factors of 891?
3, 11
What are the prime factors of 43234?
2, 21617
What are the prime factors of 2428?
2, 607
List the prime factors of 4724.
2, 1181
List the prime factors of 576.
2, 3
What are the prime factors of 1547?
7, 13, 17
List the prime factors of 642.
2, 3, 107
What are the prime factors of 10518?
2, 3, 1753
List the prime factors of 23854.
2, 11927
List the prime factors of 5728.
2, 179
What are the prime factors of 8675?
5, 347
What are the prime factors of 1348?
2, 337
What are the prime factors of 10070?
2, 5, 19, 53
What are the prime factors of 1487?
1487
List the prime factors of 18096.
2, 3, 13, 29
List the prime factors of 6815.
5, 29, 47
List the prime factors of 74795.
5, 7, 2137
What are the prime factors of 10355?
5, 19, 109
List the prime factors of 161693.
7, 23099
List the prime factors of 76.
2, 19
What are the prime factors of 8957?
13, 53
List the prime factors of 1710.
2, 3, 5, 19
What are the prime factors of 7320?
2, 3, 5, 61
What are the prime factors of 6584?
2, 823
What are the prime factors of 20017?
37, 541
What are the prime factors of 45801?
3, 7, 727
What are the prime factors of 1384?
2, 173
List the prime factors of 4027.
4027
List the prime factors of 8931.
3, 13, 229
What are the prime factors of 904?
2, 113
List the prime factors of 6953.
17, 409
What are the prime factors of 7941?
3, 2647
List the prime factors of 33930.
2, 3, 5, 13, 29
List the prime factors of 260.
2, 5, 13
What are the prime factors of 1693?
1693
List the prime factors of 1099.
7, 157
What are the prime factors of 1315?
5, 263
What are the prime factors of 13749?
3, 4583
List the prime factors of 12335.
5, 2467
What are the prime factors of 655?
5, 131
What are the prime factors of 3449?
3449
What are the prime factors of 254?
2, 127
What are the prime factors of 8307?
3, 13, 71
What are the prime factors of 1095?
3, 5, 73
List the prime factors of 112443.
3, 37, 1013
What are the prime factors of 452?
2, 113
List the prime factors of 61604.
2, 15401
List the prime factors of 2162.
2, 23, 47
What are the prime factors of 5553?
3, 617
What are the prime factors of 1099?
7, 157
What are the prime factors of 2008?
2, 251
List the prime factors of 1528.
2, 191
What are the prime factors of 9045?
3, 5, 67
List the prime factors of 15146.
2, 7573
What are the prime factors of 4680?
2, 3, 5, 13
What are the prime factors of 29717?
29717
List the prime factors of 262.
2, 131
List the prime factors of 6608.
2, 7, 59
What are the prime factors of 44942?
2, 23, 977
List the prime factors of 1627.
1627
List the prime factors of 4506.
2, 3, 751
What are the prime factors of 2860?
2, 5, 11, 13
List the prime factors of 2644.
2, 661
List the prime factors of 9700.
2, 5, 97
What are the prime factors of 1774?
2, 887
What are the prime factors of 149613?
3, 49871
What are the prime factors of 13402?
2, 6701
List the prime factors of 17161.
131
List the prime factors of 14226.
2, 3, 2371
What are the prime factors of 148096?
2, 13, 89
List the prime factors of 783.
3, 29
What are the prime factors of 101?
101
What are the prime factors of 15598?
2, 11, 709
List the prime factors of 889.
7, 127
List the prime factors of 8549.
83, 103
What are the prime factors of 5285?
5, 7, 151
List the prime factors of 57950.
2, 5, 19, 61
List the prime factors of 1459.
1459
List the prime factors of 87.
3, 29
List the prime factors of 18717.
3, 17, 367
List the prime factors of 78525.
3, 5, 349
What are the prime factors of 180528?
2, 3, 3761
What are the prime factors of 2037?
3, 7, 97
List the prime factors of 3781.
19, 199
List the prime factors of 6498.
2, 3, 19
What are the prime factors of 1677?
3, 13, 43
What are the prime factors of 1539?
3, 19
List the prime factors of 4111.
4111
What are the prime factors of 17136?
2, 3, 7, 17
What are the prime factors of 373?
373
List the prime factors of 1199.
11, 109
What are the prime factors of 39761?
39761
What are the prime factors of 206395?
5, 7, 5897
What are the prime factors of 162984?
2, 3, 6791
List the prime factors of 153475.
5, 7, 877
What are the prime factors of 1099?
7, 157
List the prime factors of 6494.
2, 17, 191
What are the prime factors of 8542?
2, 4271
What are the prime factors of 8468?
2, 29, 73
List the prime factors of 436.
2, 109
List the prime factors of 3444.
2, 3, 7, 41
What are the prime factors of 37812?
2, 3, 23, 137
List the prime factors of 589.
19, 31
List the prime factors of 10478.
2, 13, 31
What are the prime factors of 20074?
2, 10037
List the prime factors of 62231.
13, 4787
List the prime factors of 73363.
73363
What are the prime factors of 53434?
2, 26717
What are the prime factors of 8679?
3, 11, 263
What are the prime factors of 6194?
2, 19, 163
What are the prime factors of 1372?
2, 7
List the prime factors of 2701.
37, 73
What are the prime factors of 65373?
3, 7, 11, 283
List the prime factors of 206.
2, 103
List the prime factors of 26024.
2, 3253
What are the prime factors of 21